 -7 + 16 + -31 - (-3 - 0).
-19
Evaluate 15 + -6 - -3 - 6.
6
What is the value of 11 + -2 + -7 - (1 + 0)?
1
Calculate 11 + -12 - (-3 - -4).
-2
Evaluate (16 - (20 + 16)) + 8 + (30 - 1).
17
What is (1 + -8 - (-9 + 6)) + 0?
-4
Calculate -8 - (-3 + -3) - (3 + -3 + -14).
12
Evaluate 7 - (-3 - -2) - (-124 + 135).
-3
Calculate 4 + (0 - 1) + -15 + (-56 - -61).
-7
What is (-73 - -106) + (3 - 10) + -1?
25
What is the value of 2 + -1 - (-10 + 4 + 2 + 7)?
-2
Evaluate -30 + 1 - (880 + -886).
-23
What is the value of 3 - 3 - (3 - (-5 - -4) - 6)?
2
Calculate -3 + (-2 - -5) + (-5 - -13) + -12.
-4
What is (-53 - -55) + -3 + 0?
-1
-6 + -2 - (15 - (13 + -13))
-23
(2 + -2 - 23) + (-16 + 52 - 28)
-15
Calculate -1 + (-13 + -2 - (-8 - (2 + -11))).
-17
-2 + (-1 + 19 - 19)
-3
Calculate -29 - (-1 + 2) - (1532 - 1541).
-21
What is (2 + 3 - 3) + -40 + 59?
21
Calculate (-17 - -34) + -10 - -1.
8
What is the value of -12 - (-2 - (16 - 8) - -4)?
-6
Calculate -15 + (-14 + 26 - (-37 + 1)).
33
Evaluate (6 - 8) + -4 + 4 + 3 + 11.
12
What is 16 - (-18 - (-42 + 14))?
6
What is 30 + (3 - 4) - (-137 + 126)?
40
What is (-26 - -31 - 2) + -2 + 2 + -5?
-2
Calculate (51 - 43) + 0 + (-2 - -2).
8
What is the value of -21 + (0 - 10) + (278 - 269)?
-22
Calculate 17 - (13 - 5 - (8 + -6)).
11
What is -37 + -1 + 15 - -6?
-17
Calculate -11 + -10 + 44 + -27.
-4
What is the value of -20 - (-2 + 1) - (-789 - -766)?
4
(-1 - 12) + (21 - (-9 - -26))
-9
What is the value of 2 + 0 + (3 - -20)?
25
-37 - (-37 + 7 + 11)
-18
6 - ((-7 + 6 - -6) + 1 - -4)
-4
Calculate (1 - -28) + (-69 - -65).
25
Evaluate 15 + (14 - (13 + -21 + 16)).
21
Evaluate 2 + -1 + (-10 - (-2 + -4)) + -20.
-23
What is the value of -6 - (10 - 2 - (4 - -14))?
4
Calculate 5 - (13 + -6 - -1 - 2).
-1
12 - (2 - 7 - (-13 - 3))
1
-16 - (19 - 29) - -15
9
Calculate -524 - -517 - (-20 + -1).
14
What is (4 + 0 - (24 + -53)) + -9 + 0?
24
What is the value of -13 + -2 - (-12 - (1 + (3 - 7)))?
-6
What is the value of -1 + (-1 - 8) - (-569 - -573)?
-14
6 + 1 - (25 - (-51 + 86))
17
What is the value of 8 + (8 - 16) + 14 + -8?
6
Evaluate -25 + -32 + 76 + 2 + -10.
11
Calculate 4 + (-1 + 1 - (-28 - -18)) + -2.
12
What is 5 - (-9 + (26 - 9))?
-3
Calculate (-7 - -2) + 6 + -20 + 11 + 4.
-4
Evaluate (-39 - -40) + 20 - 17.
4
What is 10 + (10 - 12 - -4 - 6)?
6
What is the value of 5 + (-9 - (-9 + 8 + -1) - -25)?
23
Evaluate 10 + 27 + -14 - 18.
5
Evaluate 11 - (-6 - -14 - -3).
0
Calculate 6 - (20 - (15 - -2)).
3
10 + -10 + (-8 - 1) + 5
-4
Evaluate -3 + -5 + -1 + 13.
4
Calculate 0 + 2 - (0 - -14) - (1467 - 1460).
-19
Evaluate (-4 - -9) + -7 + (19 - 6).
11
What is (12 - 0) + -26 + 12?
-2
What is the value of (13 + -7 - (-13 + 9)) + 0?
10
Calculate -12 - ((1 - 10) + -4).
1
Evaluate (-2 - 13) + (101 - 116 - (-24 + 0)).
-6
-1 + -35 - -17 - 3
-22
-2 + 11 + 0 - (-17 - (-54 + 0))
-28
Calculate 1447 - 1510 - (-46 - -1).
-18
Evaluate 23 - (45 + (32 - 22)).
-32
What is 107 - 107 - (8 - (-3 - -3))?
-8
What is the value of -53 + 45 - (-14 - (1 - 2))?
5
What is the value of 8 + -9 + (2 + -2 - (32 + -23))?
-10
What is the value of 15 + -9 + -12 + 17 + -10?
1
10 + (18 - 23) - 5
0
Evaluate 9 - (-12 + 15 + -2 - (3 - 40)).
-29
Calculate 1 + -14 + -57 + 63 - -40.
33
(8 - -9) + (10 - 28)
-1
-18 - (3 + -5 - 3) - -12
-1
Evaluate -2 + -4 + (-7 - (4 - (3 + 5))).
-9
Calculate (31 - 30) + -5 + 0 - (15 - 11).
-8
What is -27 - (1 + -20 - (110 + -126))?
-24
What is the value of 19 + -12 + -7 - -19?
19
784 + -770 - (1 + -2 - -18)
-3
What is the value of -40 - (3 - 9) - -17?
-17
-1 + -60 - (-777 + 745)
-29
Evaluate -702 + 702 + -1 + 22.
21
What is -1 + 7 + (-5 - (-7 - -4 - -6))?
-2
Evaluate (7 + -6 - -15 - -13) + -13.
16
Calculate 8 + 28 + -44 - (-8 + 1).
-1
Evaluate (-9 - -9) + -1 + 20 + -18.
1
-38 + 16 + 0 - -9
-13
Evaluate -3 + (-10 - -19 - (-2 - -10 - 13)).
11
36 + -30 + -1 + 7 + -21
-9
Calculate 1 + -7 + 4 + -4 + 8.
2
What is the value of (-45 + 65 - (12 - -5)) + (-10 - -1)?
-6
36 + (23 + -10 - 37)
12
(39 - (-41 + 84)) + (-1 - (0 + -16))
11
What is the value of 118 + -153 + 2 + -3?
-36
0 - ((-19 - (-6 - 4)) + 5)
4
What is the value of 7 + (15 - -9) - 3?
28
25 + -5 - (-3 + -1 + (10 - 2))
16
What is the value of 8 + (0 - -2) + (0 - -4 - 3)?
11
Evaluate 12 + 0 + 5 + 7 + (-15 - -2).
11
Calculate -14 + (-42 - -22) + 29.
-5
What is the value of 1 + -29 + 43 + 22?
37
Calculate (-215 - -221) + (-1 + -11 - -1).
-5
What is (25 - 46) + 29 - (0 - -3 - 1)?
6
Evaluate 27 + -7 + 4 + (11 - 20).
15
(-23 + 4 - -21) + (2 - (-2 - -2))
4
(19 - 15) + -66 - -45
-17
Calculate -15 - (3 - 2) - (52 + -56).
-12
What is -9 + 6 + (-1 - 1 - (-51 - -55))?
-9
What is 4 + 6 - 8 - (-5 - -1)?
6
Evaluate 34 - ((19 - 3) + -3).
21
Evaluate -8 + 5 + 21 + -38 + 0.
-20
16 + -32 + (-23 - -33)
-6
(-3 - -22) + 3 + -11 - -18
29
Evaluate (0 - (12 + -10 - (1 + -3))) + -5.
-9
What is the value of 22 - 29 - (-6 - (2 + -1))?
0
What is the value of -11 + -1 + 165 + -164 + 2 + 1?
-8
Evaluate -9 + ((-5 - 2) + 57 + -58 - 8).
-25
What is -3 - 2 - ((13 - (11 - -1)) + -15)?
9
Calculate (28 - 9) + (-7 + 6 - 5).
13
Calculate -5 - ((6 - -5 - 23) + -9).
16
What is the value of 7 + 0 + (80 - 87)?
0
Calculate 3 + 16 + (-94 - -91).
16
What is the value of 15 + 3 + -22 + 5?
1
Evaluate -8 + (4 - (-1 - -3)) + 79 + -71.
2
What is -13 - ((1 - 1) + -8) - -7?
2
What is 37 - 15 - 23 - (3 - 1)?
-3
What is -3 - 0 - 12 - (50 + -17 + -42)?
-6
Calculate -2 - (-24 + 69 - 33).
-14
Evaluate (9 - 2 - 3) + -13 + (-14 - -1).
-22
Evaluate 352 - 336 - (26 + 0).
-10
(10 - 3) + (-11 - -3) + 2
1
1 - (-5 + 19 + -15)
2
What is (3 - (-2 - -9)) + 0?
-4
What is -49 + 27 + 32 - -17?
27
Evaluate -14 - (-5 + -52 - (54 - 65)).
32
0 - -19 - (3 + 5) - 26
-15
-16 + 2 - (6 + 3)
-23
-8 + (-6 - (-10 + 6))
-10
What is (-4 - (-1 - -1)) + (0 + -4 - -1)?
-7
Evaluate 9 - (-2 - -6) - (6 + -7 - -5).
1
8 + 18 + -23 + -8 + -1 + -4
-10
Evaluate 25 - (-5 - 1 - 0 - (15 + -24)).
22
Evaluate (0 - 0) + 4 + (7 - 5) + 8.
14
Evaluate (0 - 1) + -3 + -3 - -9.
2
What is the value of (4 - (6 + -9)) + -12 - (-4 - -1)?
-2
35 + -10 + -1 + 3 + -7 - 6
14
What is the value of 2 + -2 - (24 - 28) - (3 + 12)?
-11
Evaluate 16 + -2 + -16 - (1 - -4).
-7
What is 1 - -33 - (-8 - (-41 - -24))?
25
What is the value of (-3 - (-2 + -6)) + 9?
14
What is -4 + 10 + -4 - -9?
11
Evaluate 1 + 0 - (91 + -102 + (15 - 0)).
-3
Evaluate 0 - -22 - (6 + -51 + 39).
28
Evaluate 30 + (-2 - -4 - -2 - 14).
20
Calculate (-9 + -7 + 16 - 7) + -5.
-12
What is -27 + -16 + (-3 - -39)?
-7
7 + (-13 - 2) - -3
-5
Evaluate -37 + 25 + 48 + -20.
16
What is 1 + (32 - 20) - -13?
26
Evaluate 4 + -4 + (-2 - 1 - (30 + -17)).
-16
Evaluate -3 + (-7 + 8 - -6) + -4.
0
What is (17 - 10) + (7 - (8 - 2))?
8
Calculate 8 + 2 + -20 - (-20 - -7).
3
Calculate 1 + (-1 - 0) + 12.
12
What is the value of -3 - (-23 - (-6 + -22))?
-8
Calculate (60 - 2) + -90 - (-9 + 1).
-24
-15 + -4 - (225 + -265)
21
What is the value of 14 + 6 + -13 - 5?
2
What is -5 + 3 + -5 - (330 - 329)?
-8
19 + 11 - (5 - 6 - -10)
21
What is the value of (33 - 34) + -6 + 9 + -24?
-22
What is -9 + (-31 - -6) + (1 - -16)?
-17
Evaluate -30 + 24 - (-2 - -3) - -1.
-6
Calculate (2 - 8 - -9) + -3.
0
What is the value of (20 - -5) + -31 - -3?
-3
What is (8 - -5) + -31 - (0 + -6)?
-12
Evaluate 2 + -16 + 16 + -15 + (5 - 15).
-23
Evaluate 73 + (-14 - 16) + -49.
-6
Evaluate (-7 - -4) + (38 - 10) - -5.
30
Calculate 43 + -91 + 45 - (-9 - -1).
5
Evaluate -4 - (-13 - -24 - 3).
-12
Calculate 9 + (4 + -18 - (-4 + -11 + 9)).
1
Calculate (-2 + 2 - -6) + -1 + (104 - 112).
-3
Evaluate 20 + 0 - (-7 - -19 - 7).
15
What is the value of (24 - 15) + -4 + (2 - 1) + 2?
8
Evaluate -19 - (6 - 4) - (18 - (25 - 13)).
-27
-7 + 2 + 7 + -13 - -3 - -5
-3
Evaluate 13 + -22 + 1 + -4.
-12
Calculate -24 - (-23 + 2 + (-94 - -109)).
-18
What is -7 + -1 - -11 - (5 - 0 - 2)?
0
Calculate -30 - 4 - -18 - 4.
-20
-12 + -1 + (4 - 8) + 12
-5
Evaluate -7 + (16 - (-6 + 20)).
-5
Evaluate -13 - (-80 + 40 - -44).
-17
Evaluate -22 - (-1 - (48 + -28)).
-1
Calculate -8 + (-5 - (-6 - -7)) - (2 + -8).
-8
What is the value of -19 + 27 + -3 + 1 + (-3 - -11)?
14
What is -10 - -1 - (1 + (-19 - -19))?
-10
What is -12 + (1 - 5) - -10?
-6
Evaluate (1 - -1) + 17 - (-26 + (-3 - -34)).
14
Calculate 4 + 2 + -5 + -1 + 9.
9
What is the value of (-1 - 2) + 25 + -7?
15
13 + (-11 - -3